ors of q(4)?
2, 17
Let r(w) = -3*w**3 - w**2 + 3*w + 1353. What are the prime factors of r(0)?
3, 11, 41
Suppose 29*t - 3*i = 34*t - 15286, -3*i - 9 = 0. List the prime factors of t.
7, 19, 23
Suppose 4*s = -s + 20. Suppose 5*q - 4*k + 112 = 0, 5*k + s - 19 = 0. Let l = -2 - q. What are the prime factors of l?
2, 3
Let h = 84 + -94. What are the prime factors of (-87)/(-6)*(-100)/h?
5, 29
Let y be ((-12)/(-10))/(6/1005). Suppose 107 = 3*m + f, 3*m - y = -2*m + 4*f. List the prime factors of m.
37
Let n = -257 - -758. List the prime factors of n.
3, 167
Let b = 585 + 278. List the prime factors of b.
863
Suppose 4*z + 1242 = -2*z. Let y = -122 - z. What are the prime factors of y?
5, 17
Let g = -4 - -6. Let k(d) = 30*d**g - 31*d**2 + 12*d - 2*d + 2. List the prime factors of k(6).
2, 13
Let v = 692 + -420. Suppose 2*n + 2*n - v = 0. Suppose -4*d + n = 8. What are the prime factors of d?
3, 5
Let n(j) = j**3 + 8*j**2 - 8*j + 10. Let a be n(-9). Suppose -a = -z + 3. Suppose 3*o - z - 41 = 0. What are the prime factors of o?
3, 5
Suppose 11*s = 16*s - 895. What are the prime factors of s?
179
Let u be (-399)/126 - (-1)/6. Let v be ((-14)/6)/(u/(-9)). What are the prime factors of 1 + v/((-7)/54)?
5, 11
Let f be (2 - 12/2) + -4 + 8. Suppose f = -17*m + 18*m - 140. List the prime factors of m.
2, 5, 7
Let n(q) = q**2 + 2. Let c be n(2). Let y = 10 - c. What are the prime factors of (9 - 2) + y + -2?
3
Let t(h) = 5*h + 9. Let i(m) = -m. Let s(k) = -6*i(k) - t(k). Let d be s(7). List the prime factors of (28 - 0)*(-1 - d).
2, 7
Let r be (-209)/38*-5*(1 - -5). Suppose 3*v = -12 + r. What are the prime factors of v?
3, 17
Suppose -477*k - 3076 = -481*k. List the prime factors of k.
769
Suppose 0 = -3*s - 2*l + 105, -4*s - 3*l + 140 = l. Suppose -k + 28 = -s. List the prime factors of k.
3, 7
Suppose -2*h + 48 = u, 2*h = u - 0*u + 56. Suppose -s = -3*f + 2*f + 1, 5*f + 2*s = h. What are the prime factors of f?
2
List the prime factors of 17*(-2)/4*-124.
2, 17, 31
Suppose -122 = -2*h + 118. Suppose -6*q - 30 = -h. What are the prime factors of q?
3, 5
Suppose 0 = -0*l + 2*l + 4. Let u be 1*(l - 0) + 0. Let a(p) = -p**3 - 3*p**2 - 4*p - 2. What are the prime factors of a(u)?
2
Suppose -4*c - 48 = -c. Let w = c + 33. List the prime factors of w.
17
Suppose -4*c + 5*d + 15 = -2*c, -15 = 5*d. Suppose -f + 81 + 30 = c. What are the prime factors of f?
3, 37
Let d(f) = -98*f - 21. What are the prime factors of d(-6)?
3, 7
Suppose -q + 263 = -d, -36*d - 520 = -2*q - 40*d. List the prime factors of q.
2, 131
Let i = 8735 + -4344. List the prime factors of i.
4391
Suppose 0 = 5*f - 14 - 26. Let c(k) = -9 + 6*k - 52*k + f. List the prime factors of c(-1).
3, 5
Suppose -2*i = 7 - 1. Let u = 52 + i. List the prime factors of u.
7
Suppose -5*v = 4*k + 7, k - 7 + 2 = v. Suppose -k*i - 5*l = -256, i = -2*i - 3*l + 366. List the prime factors of i.
2, 59
Let x = 1197 - -646. What are the prime factors of x?
19, 97
Suppose -3*p + 2 - 11 = 5*a, -5*a + 5*p - 25 = 0. What are the prime factors of -4 - 788/a - 6/9?
2, 3, 43
List the prime factors of 582 - (-2 + (-5)/(-5)).
11, 53
Let q be 4*(297/4 - -2). Let g = 199 - 194. Suppose -q = -g*k - 4*t, 0 = k - 0*k - 5*t - 32. What are the prime factors of k?
3, 19
Suppose 96*l - 92*l - 580 = 0. What are the prime factors of l?
5, 29
Suppose -5*n + 41 = 4*y + 5, 0 = 5*n - 3*y - 8. Suppose -2*i + 0*i + n = 0. Suppose i*s = 74 + 20. List the prime factors of s.
47
Suppose 78*q = 60*q + 16812. List the prime factors of q.
2, 467
Suppose -4*l + 604 + 280 = 0. Suppose m - l = -3*n, -4*m + 4*n - 222 = -5*m. List the prime factors of m.
2, 109
Let z be (2 + -3)/1*-165. Let v = z + -59. Suppose -v + 28 = -2*q. What are the prime factors of q?
3, 13
Suppose 0 = -4*p + 1500 + 12716. What are the prime factors of p?
2, 1777
Let c = -3 + 10. Let d(j) = j**3 - 6*j**2 - 6*j - 5. What are the prime factors of d(c)?
2
Suppose -g = -3*g + 220. Let m = g - 59. What are the prime factors of m?
3, 17
Suppose 2*z = 2*y + 62, -4*y - z - 142 = 4*z. Suppose 4*o = 5*m + 300, -2*m - 78 = -o - 0*m. Let i = y + o. List the prime factors of i.
37
Suppose o + 82 = -296. Let u be (o/(-35))/((-6)/(-20)). Suppose -4*h - 4 + u = 0. List the prime factors of h.
2
List the prime factors of 3 - (13 + -10 + -3*116).
2, 3, 29
Let x = 1436 + -250. List the prime factors of x.
2, 593
Suppose 0*v + 2*v = 12. Let h = 13 - 11. What are the prime factors of 4 + 3/v*h?
5
Let v = -3663 + 8432. What are the prime factors of v?
19, 251
Let m = 32 + -28. Suppose c + 5*a - 88 = 0, 0 - 16 = -m*a. List the prime factors of c.
2, 17
Let v = -29 - -33. Suppose -2*y + v*d + 100 = 0, 4*y = 3*d + 175 + 20. List the prime factors of y.
2, 3
Suppose 3*a + 12 = 5*t, -11 = 2*a - a - 4*t. Let j be a/3 + (-356)/(-12). What are the prime factors of -65*-6*4/j?
2, 13
Let l(r) = 6*r + 108. What are the prime factors of l(-4)?
2, 3, 7
Let w(f) = 52*f**2 + 16*f + 127. What are the prime factors of w(-5)?
3, 449
Let v be (-2)/(2 - 48/20). Suppose -52 = -v*y + 63. What are the prime factors of y?
23
Suppose 288*y - 297*y + 9828 = 0. List the prime factors of y.
2, 3, 7, 13
Let b = -197 - -2670. List the prime factors of b.
2473
List the prime factors of -7*6/126 + (-9638)/(-6).
2, 11, 73
Let h(q) = q**2 - 17*q - 20. Let y be h(19). Suppose y*x - 17*x - 22 = 0. List the prime factors of x.
2, 11
Suppose 0 = p - 4*y - 339, 0*p - 364 = -p - y. List the prime factors of p.
359
Suppose -3*p + p = 0. Let r(f) = -f**3 + f**2 - f - 2. Let n be r(0). List the prime factors of 0 + (2 + p - n).
2
What are the prime factors of 115/46 - 1234/(-4)?
311
Suppose -6 = -3*g + 72. Suppose -8*a = -6*a + g. Let m = 3 - a. List the prime factors of m.
2
Let t(s) = 7*s - 3. Let a be t(3). Suppose -3*p = 5*c - 25, -4*p - 5*c + 17 = -a. What are the prime factors of p/(-3)*18/(-15)?
2
Let z(y) = -y**3 - 11*y**2 - 4*y - 9. Let g be z(-11). Suppose -c = -4*h + 250, h - c - 29 - g = 0. What are the prime factors of h?
2, 31
Let v = 74 - -58. What are the prime factors of v/10 - (-2)/(-10)?
13
Let o = 27 - 27. Suppose a = -2*l + 14, a - 3*l + 0*l - 29 = o. List the prime factors of a.
2, 5
Let g(w) = -w**3 - 4*w**2 + 12*w + 5. Let c be g(-6). Suppose c*l = 3*l + 8. List the prime factors of l.
2
Let m(g) = 8*g + 1. Let h be m(4). Suppose 4*i = -4*l + 31 + 13, -5*i + 4*l = -73. Let v = i + h. List the prime factors of v.
2, 23
Suppose 3*s = -12, -s = -13*n + 12*n + 36. What are the prime factors of n?
2
Let w(n) = -n**3 + 3*n**2 - 1. Let d be w(3). Let i be 4/(d/(-6)*-4). What are the prime factors of 113/3 - (-4)/i?
37
Let w(f) = 21 - f - 5*f + 2*f + 2*f. Let j be w(14). Let l(y) = y**2 + 7*y + 4. What are the prime factors of l(j)?
2
List the prime factors of (14/7)/(1/(419/2)).
419
Let x = 4200 - 2504. Suppose x = 7*q + 352. List the prime factors of q.
2, 3
Let r be (0 - 204)*15/(-6). Suppose 9*j + r = 1608. List the prime factors of j.
2, 61
Suppose 4*r - 167 + 35 = 0. Let a be (-12)/10*110/r. Let s = 1 - a. What are the prime factors of s?
5
Let o = -7 - -10. Let l be -10*(o - (-28)/(-8)). Suppose l*h = 2*p + 190, 5*p - 11 = -2*h + h. What are the prime factors of h?
2, 3
Let b = -35 + 38. Suppose 0 = 5*c + 4*l - 699, 3*c - b*l + 559 = 7*c. What are the prime factors of c?
139
Suppose -887 = -8*q + 481. List the prime factors of q.
3, 19
What are the prime factors of (40938/(-14))/(-3) + 4/14?
3, 5, 13
Suppose -10*j - 7968 = -22*j. What are the prime factors of j?
2, 83
Suppose 0 = 15*n - 14*n - 59. Suppose 54*l - n*l + 700 = 0. What are the prime factors of l?
2, 5, 7
Let h = 124 + -74. Let k = -31 + h. List the prime factors of k.
19
Let m = 18 - 14. Suppose 0 = 5*z + m*y - 695, -3*y + 179 = -4*z + 735. List the prime factors of z.
139
Let o(z) = -z**2 - 8*z + 11. Suppose 0 = -2*c - 10 - 8. Let s be o(c). Suppose -s*m + 35 = 5*q, 0 = 5*q - 4*m + 9*m - 50. What are the prime factors of q?
5
Suppose -273 = 5*c - 3*r, -5*c - 141 = -r + 130. Let a = 196 + c. What are the prime factors of a?
2, 71
Let y = 80 + -55. Suppose -6*p - 52 - 14 = 0. Let w = y + p. List the prime factors of w.
2, 7
Suppose -10*s - 5 = -11*s. Let v(z) = 4*z**2 + z. Let u be v(-2). Suppose q + 4*a = -2*q + 25, -2*q + s*a - u = 0. What are the prime 